6 a factor of 538?
False
Does 160 divide 14635?
False
Is 8 a factor of 168?
True
Is 63 a factor of 1004?
False
Is 20359 a multiple of 32?
False
Is 2310 a multiple of 66?
True
Is 6 a factor of 14397?
False
Is 32 a factor of 3744?
True
Does 3 divide 59?
False
Is 30 a factor of 18219?
False
Is 125 a factor of 74125?
True
Is 11718 a multiple of 21?
True
Does 50 divide 595?
False
Is 5 a factor of 206?
False
Is 45 a factor of 279?
False
Does 76 divide 1802?
False
Does 17 divide 1037?
True
Does 29 divide 40310?
True
Is 12016 a multiple of 52?
False
Is 1276 a multiple of 44?
True
Does 64 divide 4141?
False
Is 48360 a multiple of 130?
True
Is 22 a factor of 21384?
True
Does 128 divide 5120?
True
Is 3688 a multiple of 14?
False
Is 6438 a multiple of 111?
True
Does 49 divide 19208?
True
Is 14 a factor of 12754?
True
Is 18 a multiple of 3?
True
Does 152 divide 93176?
True
Does 8 divide 3631?
False
Is 76 a factor of 257?
False
Is 22 a factor of 176?
True
Does 7 divide 126?
True
Is 12 a factor of 2894?
False
Is 988 a multiple of 18?
False
Is 16 a factor of 1162?
False
Is 13 a factor of 1144?
True
Is 2 a factor of 2151?
False
Is 80 a factor of 3200?
True
Does 32 divide 62720?
True
Does 11 divide 15120?
False
Is 13 a factor of 2236?
True
Is 69 a factor of 2752?
False
Is 550 a multiple of 25?
True
Does 47 divide 25615?
True
Is 33915 a multiple of 19?
True
Does 21 divide 34?
False
Is 1584 a multiple of 36?
True
Is 69 a factor of 207?
True
Is 1326 a multiple of 16?
False
Is 455 a multiple of 10?
False
Does 76 divide 5700?
True
Is 80 a factor of 20720?
True
Is 1208 a multiple of 39?
False
Is 2 a factor of 42?
True
Does 80 divide 4160?
True
Is 13 a factor of 26871?
True
Is 1484 a multiple of 212?
True
Does 7 divide 98?
True
Does 7 divide 1127?
True
Does 9 divide 27?
True
Is 2517 a multiple of 86?
False
Is 108 a factor of 2509?
False
Is 4 a factor of 56?
True
Is 175 a multiple of 9?
False
Is 4833 a multiple of 27?
True
Does 2 divide 64?
True
Does 6 divide 814?
False
Is 5 a factor of 401?
False
Does 9 divide 1494?
True
Is 244 a multiple of 61?
True
Does 14 divide 1461?
False
Does 10 divide 60?
True
Does 9 divide 150?
False
Is 1479 a multiple of 53?
False
Is 17 a factor of 341?
False
Is 11 a factor of 9911?
True
Is 33 a factor of 327?
False
Does 65 divide 31530?
False
Is 831 a multiple of 25?
False
Does 20 divide 51880?
True
Does 13 divide 6768?
False
Is 1801 a multiple of 24?
False
Is 24571 a multiple of 11?
False
Is 11 a factor of 1859?
True
Is 41 a factor of 287?
True
Does 4 divide 2068?
True
Is 331 a factor of 127052?
False
Is 693 a multiple of 22?
False
Is 736 a multiple of 23?
True
Is 23058 a multiple of 7?
True
Is 3973 a multiple of 29?
True
Is 4 a factor of 308?
True
Does 25 divide 1925?
True
Is 34 a factor of 476?
True
Is 7 a factor of 779?
False
Is 13839 a multiple of 7?
True
Does 16 divide 398?
False
Is 19030 a multiple of 230?
False
Does 12 divide 968?
False
Does 39 divide 5109?
True
Is 36 a factor of 32616?
True
Is 12 a factor of 2872?
False
Is 14 a factor of 32934?
False
Is 2435 a multiple of 38?
False
Is 21997 a multiple of 10?
False
Is 222 a multiple of 37?
True
Is 62 a factor of 7096?
False
Does 7 divide 191?
False
Is 5144 a multiple of 18?
False
Is 8 a factor of 35608?
True
Does 2 divide 9?
False
Is 16 a factor of 112?
True
Does 8 divide 2528?
True
Is 29240 a multiple of 34?
True
Is 29601 a multiple of 181?
False
Is 51330 a multiple of 29?
True
Does 99 divide 816?
False
Is 30 a factor of 870?
True
Is 88 a factor of 19272?
True
Is 48 a factor of 927?
False
Does 3 divide 5163?
True
Does 5 divide 3578?
False
Is 2184 a multiple of 168?
True
Does 5 divide 317?
False
Is 39 a factor of 1100?
False
Is 480 a multiple of 24?
True
Is 10132 a multiple of 5?
False
Does 51 divide 13576?
False
Is 6 a factor of 1014?
True
Does 13 divide 78?
True
Is 34 a factor of 1890?
False
Does 16 divide 14624?
True
Does 17 divide 2242?
False
Is 16 a factor of 608?
True
Is 35 a factor of 197?
False
Does 3 divide 5020?
False
Is 15 a factor of 1093?
False
Is 40 a factor of 680?
True
Does 170 divide 14110?
True
Does 65 divide 33825?
False
Is 29 a factor of 97686?
False
Does 6 divide 1660?
False
Does 10 divide 740?
True
Is 22 a factor of 54120?
True
Is 121 a factor of 15397?
False
Is 26 a factor of 2405?
False
Is 1710 a multiple of 9?
True
Is 1953 a multiple of 13?
False
Is 2546 a multiple of 39?
False
Does 9 divide 684?
True
Is 4 a factor of 61?
False
Does 6 divide 3667?
False
Is 26 a factor of 7592?
True
Is 8603 a multiple of 44?
False
Is 124 a factor of 643?
False
Is 13 a factor of 403?
True
Is 2403 a multiple of 23?
False
Is 42 a factor of 756?
True
Is 1340 a multiple of 5?
True
Is 30 a factor of 48627?
False
Does 53 divide 17437?
True
Does 17 divide 1489?
False
Is 6832 a multiple of 61?
True
Is 24 a factor of 600?
True
Is 1587 a multiple of 8?
False
Is 38 a factor of 47386?
True
Is 41 a factor of 910?
False
Is 7 a factor of 1075?
False
Is 170 a multiple of 5?
True
Is 10 a factor of 2020?
True
Does 33 divide 48650?
False
Is 81 a factor of 1053?
True
Does 10 divide 70?
True
Is 37 a factor of 56018?
True
Is 9 a factor of 297?
True
Is 42 a factor of 666?
False
Is 174 a factor of 487?
False
Is 1282 a multiple of 50?
False
Is 2283 a multiple of 8?
False
Is 23264 a multiple of 8?
True
Does 12 divide 5016?
True
Is 3 a factor of 35589?
True
Is 10400 a multiple of 80?
True
Is 333 a multiple of 27?
False
Does 6 divide 2004?
True
Does 2 divide 461?
False
Is 28036 a multiple of 8?
False
Does 13 divide 3783?
True
Is 2386 a multiple of 21?
False
Does 10 divide 1696?
False
Is 25 a factor of 870?
False
Is 2765 a multiple of 5?
True
Is 7 a factor of 22862?
True
Is 10182 a multiple of 219?
False
Is 6 a factor of 2622?
True
Does 15 divide 3360?
True
Does 75 divide 1800?
True
Is 162 a factor of 5029?
False
Is 37812 a multiple of 12?
True
Is 35 a factor of 2695?
True
Does 106 divide 4664?
True
Does 9 divide 10224?
True
Is 7775 even?
False
Is 8 a factor of 54?
False
Is 41 a multiple of 2?
False
Does 173 divide 15070?
False
Is 207 a factor of 17181?
True
Does 16 divide 5657?
False
Does 100 divide 26400?
True
Is 48 a factor of 9264?
True
Is 48 a factor of 1297?
False
Is 343 a multiple of 7?
True
Is 7579 a multiple of 80?
False
Is 303 a factor of 15756?
True
Does 389 divide 120201?
True
Does 13 divide 15908?
False
Does 13 divide 245?
False
Does 109 divide 1635?
True
Is 20 a factor of 16146?
False
Is 25100 a multiple of 25?
True
Is 24244 a multiple of 116?
True
Is 25 a factor of 37707?
False
Does 162 divide 29920?
False
Does 6 divide 8352?
True
Does 17 divide 323?
True
Does 2 divide 790?
True
Does 3 divide 705?
True
Is 11 a factor of 1210?
True
Does 2 divide 70?
True
Does 20 divide 1424?
False
Is 1980 a multiple of 11?
True
Is 13 a factor of 11679?
False
Is 2496 a multiple of 96?
True
Is 60096 a multiple of 96?
True
Does 38 divide 10260?
True
Is 22951 a multiple of 204?
False
Does 18 divide 1906?
False
Does 16 divide 3582?
False
Does 2 divide 5636?
True
Does 11 divide 67177?
True
Does 125 divide 1500?
True
Is 574 a multiple of 14?
True
Is 25 a factor of 128425?
True
Does 123 divide 14145?
True
Is 23 a factor of 23?
True
Is 53 a factor of 2915?
True
Is 640 a multiple of 160?
True
Is 4437 a multiple of 87?
True
Is 45 a factor of 18518?
False
Is 123 even?
False
Is 918 a multiple of 51?
True
Does 14 divide 1902?
False
Does 14 divide 714?
True
Does 7 divide 21?
True
Does 15 divide 5864?
False
Is 16440 a multiple of 137?
True
Is 19 a factor of 360?
False
Does 15 divide 19485?
True
Is 41821 a multiple of 13?
True
Does 81 divide 22084?
False
Is 4 a factor of 1284?
True
Does 6 divide 36864?
True
Is 45 a factor of 2205?
True
Is 1710 a multiple of 15?
True
Is 17664 a multiple of 192?
True
Is 84 a multiple of 21?
True
Is 15 a factor of 9266?
False
Is 31375 a multiple of 162?
False
Does 29 divide 7322?
False
Does 90 divide 47340?
True
Does 26 divide 383?
False
Does 12 divide 52362?
False
Does 2 divide 802?
True
Is 25 a factor of 6740?
False
Does 31 divide 5146?
True
Is 44 a factor of 90?
False
Is 24 a factor of 14394?
False
Is 284 a factor of 40328?
True
Is 13 a factor of 147?
False
Does 59 divide 94636?
True
Does 309 divide 53148?
True
Is 34356 a multiple of 14?
True
Is 1018 a multiple of 14?
False
Is 3 a factor